= -t - 368, -2*f + 372 = 5*t. Calculate the greatest common divisor of t and 814.
74
Let v be 1/(1 - 3)*-6 + 3. Suppose 2*k = 8*k - v. Calculate the greatest common divisor of 1 and k.
1
Let x(n) = n - 1. Let m be x(4). Let l = 1987 + -1984. Calculate the highest common factor of l and m.
3
Let a = 2331 + -1084. What is the greatest common divisor of 29 and a?
29
Let h = -26 - -30. Suppose h*f = 14 + 46. What is the greatest common divisor of f and 3?
3
Let d = 2 - -2. Suppose -8 = -4*s + d. Let x be -1*(-2 - -5)*1/(-1). What is the greatest common factor of x and s?
3
Suppose -208 = -3*r - 139. What is the highest common factor of r and 851?
23
Let u be (166/((-1)/(-1)))/(-1 + 3). Let a = u + -43. What is the highest common factor of a and 32?
8
Let u = -25 + 30. Suppose -3*n = 2*l - 14, -l + 9*n - 3 = 8*n. Calculate the highest common factor of l and u.
1
Suppose -4 = -q - q. Suppose 3*t = -3*t + 12. What is the highest common divisor of t and q?
2
Let d(u) = 410*u + 336. Let x be d(4). Calculate the highest common divisor of x and 104.
104
Let i(f) = 42*f + 51. Let a be i(5). What is the highest common divisor of a and 29?
29
Suppose 224 = 3*o + v, 0 = -o + 4*v + 27 + 52. What is the highest common divisor of 250 and o?
25
Suppose 745 = 4*u - 135. Let f(s) = 16*s**3 - s**2. Let n be f(1). Let g be (n/(-10))/(-1)*40/3. What is the highest common divisor of u and g?
20
Let f(p) = 43*p**2 + p + 1 - 3*p**2 + 6*p**2 - 8*p. Let m be f(1). What is the greatest common divisor of 5 and m?
5
Suppose -40*h + 45*h = 220. Calculate the greatest common factor of h and 66.
22
Let k be ((-672)/40)/14*-10. Suppose -t = t + 5*s - 47, 2*s - 86 = -5*t. Calculate the highest common factor of t and k.
4
Let f be 10/(-15)*(-66 + -6). Calculate the greatest common divisor of f and 72.
24
Let h = 452 + -396. What is the highest common factor of h and 364?
28
Let l(f) = 3*f - 103. Let b be l(39). What is the greatest common divisor of 322 and b?
14
Suppose 3*z - 148 = -5*n, 5*z - 4*n = 6*z - 47. What is the greatest common divisor of 153 and z?
51
Let f = -1244 + 1260. What is the highest common divisor of 12 and f?
4
Let r be 4 - 1 - 1 - (3 + -23). Let s(n) = -n**2 - 11*n + 34. Let g be s(-10). Calculate the greatest common factor of g and r.
22
Suppose 4*p + 5 = -0*p + 5*x, x + 3 = 0. Let m be (p/(-10))/((-2)/(-20)). Suppose -29 + m = -4*s. Calculate the highest common divisor of s and 54.
6
Let s(i) = 102*i + 119. Let t be s(-1). Calculate the greatest common divisor of t and 1377.
17
Let p(z) = -z**2 + 12*z + 5. Let w be p(10). Let y = w - 16. Let g = y + 11. What is the highest common factor of 200 and g?
20
Suppose -5*d + 5*o - 75 = 0, 5*o = -5*d - 49 - 36. Let y = d - -18. What is the greatest common factor of y and 14?
2
Let p = -3 - -7. Let x = -1 + p. Suppose x*l = 178 + 17. Calculate the greatest common divisor of l and 13.
13
Let t be (138/(-46))/(3/(-51) + 0). Calculate the greatest common factor of 2091 and t.
51
Let h be ((-2980)/(-120) + -23)*6. Let x be (-3)/12 + 45/4. What is the greatest common divisor of h and x?
11
Suppose -9*r - 16*r + 19525 = 0. What is the greatest common factor of r and 71?
71
Suppose -663 = -4*i - 3*a, 5*i - 884 = 4*a - 63. Calculate the highest common divisor of 22 and i.
11
Let n(r) = r**2 - 15*r + 22. Let v be n(15). Let o(f) = 54*f**2 - f. Let j be o(-1). What is the greatest common factor of v and j?
11
Suppose 4*w = -2*w + 288. Let v = w - 32. Let s be (-1)/3 + (-49)/(-3). Calculate the highest common factor of v and s.
16
Let y(q) = -82*q**3 - 4*q**2 - 2*q + 3. Let m be y(-3). Calculate the greatest common factor of m and 27.
27
Let v(u) = u**2 + 5*u - 29. Let t be v(-8). Let s(q) = -5*q + 17. Let j be s(t). Calculate the highest common divisor of j and 63.
21
Suppose -14*x + 8954 = -3*x. What is the highest common divisor of 22 and x?
22
Suppose y = 5*y + 120. Let c = 2 - y. Calculate the greatest common divisor of c and 4.
4
Let a = 107 + -100. Suppose -a*p = -2*p - 170. Calculate the greatest common divisor of 17 and p.
17
Suppose 23*t - 1154 = -832. Calculate the greatest common divisor of 63 and t.
7
Suppose -p + 89 = m, -2*p = 2 - 8. Suppose -7*z = -19 - m. Calculate the highest common divisor of 6 and z.
3
Suppose b + 5 = 2*b, -2*b + 50 = 4*c. Let f be 21/(-15) - -1 - (-54)/c. What is the greatest common divisor of 65 and f?
5
Suppose -5*n - m - 3*m = -80, 5*m = -25. Let z be (-1)/(1/(-1))*160. Calculate the highest common divisor of z and n.
20
Let o(c) = -c**2 + 4. Let s be o(0). Suppose s*n - 3*m - 27 = 0, 2*n + 0*n + 2*m - 24 = 0. Let y = 35 - 34. Calculate the greatest common divisor of n and y.
1
Suppose 10*c - 5*c + 237 = 2*w, 0 = -4*w + c + 501. What is the highest common divisor of 42 and w?
42
Suppose 0 = -z - u + 110, 232 = 3*z - 2*u - 73. Calculate the greatest common factor of 210 and z.
105
Let n(h) = -2*h**3 + 5*h**2 + 10*h - 17. Let j be n(5). Let x = -87 - j. Calculate the highest common divisor of 2 and x.
1
Suppose -3*a = -a. Suppose a*j + 60 = 3*j. Let i be 420/(-8)*(-160)/280. What is the greatest common factor of j and i?
10
Suppose -4*r + 3*b = -11, -2*b = 2*r - 2 - 0. Suppose -5*j - r*o + 2795 = 0, -3*o = -j - 2*o + 566. Calculate the highest common divisor of 51 and j.
51
Suppose -4*k + 1471 = y, 36*k - 1108 = 33*k + 4*y. Calculate the highest common divisor of k and 230.
46
Let g(k) = k**3 - 6*k**2 + 2*k + 9. Let q be g(6). Calculate the greatest common divisor of q and 609.
21
Suppose 5*i - 2*i = 2*i. Suppose 3*z = -k + 239, i*z - 4*z + 4*k = -340. Calculate the greatest common divisor of 54 and z.
27
Let k be 92/(-20) + (3 - 34/10). Let j be -3*2/(-10) - 267/k. Calculate the greatest common divisor of 81 and j.
27
Let u(c) = 5*c**2 + c - 1. Let a be u(1). Suppose 2*t - 14 = -6*b + 5*b, -a*t = -10. Calculate the highest common factor of b and 70.
10
Let t(x) = -3*x**3 - 4*x**2 + 7*x + 39. Let w be t(-3). Calculate the greatest common divisor of w and 357.
21
Suppose -3*h - 238 = 68. Let j = -60 - h. Calculate the greatest common factor of j and 28.
14
Let c(a) = a**3 - 9*a**2 + a - 6. Let w = 19 - 10. Let j be c(w). What is the greatest common divisor of 15 and j?
3
Let m = -3 + 5. Suppose 0 = -m*i + 2*v + 18, 0*v = 4*i + 3*v - 29. Let l = 9 - 1. What is the highest common factor of l and i?
8
Let h(a) = 2*a**2 + 8*a. Let f be h(-5). Let o = f - 6. What is the greatest common factor of o and 8?
4
Let f(b) = -b**3 - b**2 + 2. Let l be f(-3). Suppose -o = 4*o - l. Suppose 28 = 4*k + o. Calculate the highest common factor of k and 6.
6
Let a = -2458 + 2606. Calculate the highest common factor of 4 and a.
4
Suppose 0 = 3*c + 7*c - 780. Let j = c + -75. Calculate the highest common divisor of j and 33.
3
Suppose -156 - 339 = -3*o. Suppose 59 = -2*v - f, -4*v + 2*v - 65 = 3*f. Let x = v + 43. What is the greatest common factor of o and x?
15
Let s(n) = -n**3 + 2*n**2 + 5*n + 36. Let m be s(0). Calculate the highest common factor of 36 and m.
36
Let j = -10 + 30. Suppose 0 = a + 29 - 209. What is the greatest common factor of j and a?
20
Let s be (-6)/33 - (-2)/11. Suppose 2*x + 4*x - 84 = s. Calculate the greatest common factor of x and 28.
14
Suppose -188*i + 2119 = -25*i. Let l be 116 - (0/1 + -1). Calculate the highest common divisor of l and i.
13
Suppose -j = 0, -9 - 81 = -5*b + j. Suppose -2*y - 64 = -b. Let u = -16 - y. Calculate the highest common divisor of u and 77.
7
Suppose -450 = -4*g - g. What is the greatest common factor of 70 and g?
10
Suppose -9*o - 3*o = -1536. Calculate the highest common factor of 48 and o.
16
Let u(j) = j + 24. Let d be u(3). What is the highest common divisor of d and 6?
3
Let i(k) = k**3 - 13*k**2 + 77. Let x be i(13). What is the greatest common divisor of x and 91?
7
Suppose -3*a = -4*a + 4. Let q be 11/3 + a/3. Suppose -q*c - 4*f + 266 = -3*f, 46 = c + 2*f. What is the highest common factor of 6 and c?
6
Suppose 12*i = -3*i + 420. What is the highest common divisor of 224 and i?
28
Let g be (-8 - 54)/(2/(-2)). Suppose 5*z = 4*s - 113, -3*s + 5*z = -24 - g. Let o be s/12*64/3. What is the greatest common divisor of 12 and o?
12
Let t = 58 + -54. Suppose -10*n + 96 = -t*n. What is the highest common divisor of 40 and n?
8
Let z = -180 - -207. 